{"id":5521,"date":"2023-09-24T18:56:43","date_gmt":"2023-09-24T17:56:43","guid":{"rendered":"https:\/\/linden-hof.ch\/00update\/?post_type=product&#038;p=5521"},"modified":"2023-09-24T18:57:08","modified_gmt":"2023-09-24T17:57:08","slug":"milch-kalb","status":"publish","type":"product","link":"https:\/\/linden-hof.ch\/00update\/produkt\/milch-kalb\/","title":{"rendered":"Milch-Kalb"},"content":{"rendered":"<p>Auf dem Lindenhof werden alle K\u00e4lber durch die eigene Mutter aufgezogen. Sie k\u00f6nnen mit ihnen auf die Weide und werden frei von k\u00fcnstlichen und medikament\u00f6sen Futtermitteln ern\u00e4hrt.<\/p>\n<p>Durch diese nat\u00fcrliche Ern\u00e4hrung bekommt das Fleisch eine gesunde rosa Farbe. Diese rosa Farbe entsteht durch die gute Durchblutung und Gesundheit der K\u00e4lber, was gesundes, eisenhaltiges und geschmackvolles Rohfutter voraussetzt.<\/p>\n<p>Dies bringt auch einen intensiveren Fleischgeschmack und einen besseren Biss im Vergleich zum Fleisch aus der Massentierhaltung.<\/p>\n","protected":false},"excerpt":{"rendered":"<p>Auf dem Lindenhof werden alle K\u00e4lber durch die eigene Mutter aufgezogen. Sie k\u00f6nnen mit ihnen auf die Weide und werden frei von k\u00fcnstlichen und medikament\u00f6sen Futtermitteln ern\u00e4hrt. Durch diese nat\u00fcrliche Ern\u00e4hrung bekommt das Fleisch eine gesunde rosa Farbe. Diese rosa Farbe entsteht durch die gute Durchblutung und Gesundheit der K\u00e4lber, was gesundes, eisenhaltiges und geschmackvolles [&hellip;]<\/p>\n","protected":false},"featured_media":305,"comment_status":"open","ping_status":"closed","template":"","meta":{"site-sidebar-layout":"default","site-content-layout":"","ast-site-content-layout":"default","site-content-style":"default","site-sidebar-style":"default","ast-global-header-display":"","ast-banner-title-visibility":"","ast-main-header-display":"","ast-hfb-above-header-display":"","ast-hfb-below-header-display":"","ast-hfb-mobile-header-display":"","site-post-title":"","ast-breadcrumbs-content":"","ast-featured-img":"","footer-sml-layout":"","theme-transparent-header-meta":"default","adv-header-id-meta":"","stick-header-meta":"","header-above-stick-meta":"","header-main-stick-meta":"","header-below-stick-meta":"","astra-migrate-meta-layouts":"set","ast-page-background-enabled":"default","ast-page-background-meta":{"desktop":{"background-color":"var(--ast-global-color-4)","background-image":"","background-repeat":"repeat","background-position":"center center","background-size":"auto","background-attachment":"scroll","background-type":"","background-media":"","overlay-type":"","overlay-color":"","overlay-opacity":"","overlay-gradient":""},"tablet":{"background-color":"","background-image":"","background-repeat":"repeat","background-position":"center center","background-size":"auto","background-attachment":"scroll","background-type":"","background-media":"","overlay-type":"","overlay-color":"","overlay-opacity":"","overlay-gradient":""},"mobile":{"background-color":"","background-image":"","background-repeat":"repeat","background-position":"center center","background-size":"auto","background-attachment":"scroll","background-type":"","background-media":"","overlay-type":"","overlay-color":"","overlay-opacity":"","overlay-gradient":""}},"ast-content-background-meta":{"desktop":{"background-color":"var(--ast-global-color-5)","background-image":"","background-repeat":"repeat","background-position":"center center","background-size":"auto","background-attachment":"scroll","background-type":"","background-media":"","overlay-type":"","overlay-color":"","overlay-opacity":"","overlay-gradient":""},"tablet":{"background-color":"var(--ast-global-color-5)","background-image":"","background-repeat":"repeat","background-position":"center center","background-size":"auto","background-attachment":"scroll","background-type":"","background-media":"","overlay-type":"","overlay-color":"","overlay-opacity":"","overlay-gradient":""},"mobile":{"background-color":"var(--ast-global-color-5)","background-image":"","background-repeat":"repeat","background-position":"center center","background-size":"auto","background-attachment":"scroll","background-type":"","background-media":"","overlay-type":"","overlay-color":"","overlay-opacity":"","overlay-gradient":""}}},"product_brand":[],"product_cat":[68],"product_tag":[],"class_list":{"0":"post-5521","1":"product","2":"type-product","3":"status-publish","4":"has-post-thumbnail","6":"product_cat-fleisch","7":"desktop-align-left","8":"tablet-align-left","9":"mobile-align-left","11":"first","12":"instock","13":"shipping-taxable","14":"product-type-external"},"acf":[],"_links":{"self":[{"href":"https:\/\/linden-hof.ch\/00update\/wp-json\/wp\/v2\/product\/5521","targetHints":{"allow":["GET"]}}],"collection":[{"href":"https:\/\/linden-hof.ch\/00update\/wp-json\/wp\/v2\/product"}],"about":[{"href":"https:\/\/linden-hof.ch\/00update\/wp-json\/wp\/v2\/types\/product"}],"replies":[{"embeddable":true,"href":"https:\/\/linden-hof.ch\/00update\/wp-json\/wp\/v2\/comments?post=5521"}],"wp:featuredmedia":[{"embeddable":true,"href":"https:\/\/linden-hof.ch\/00update\/wp-json\/wp\/v2\/media\/305"}],"wp:attachment":[{"href":"https:\/\/linden-hof.ch\/00update\/wp-json\/wp\/v2\/media?parent=5521"}],"wp:term":[{"taxonomy":"product_brand","embeddable":true,"href":"https:\/\/linden-hof.ch\/00update\/wp-json\/wp\/v2\/product_brand?post=5521"},{"taxonomy":"product_cat","embeddable":true,"href":"https:\/\/linden-hof.ch\/00update\/wp-json\/wp\/v2\/product_cat?post=5521"},{"taxonomy":"product_tag","embeddable":true,"href":"https:\/\/linden-hof.ch\/00update\/wp-json\/wp\/v2\/product_tag?post=5521"}],"curies":[{"name":"wp","href":"https:\/\/api.w.org\/{rel}","templated":true}]}}